9
What are the prime factors of 89096996?
2, 1733, 12853
What are the prime factors of 830774114?
2, 415387057
List the prime factors of 2507754.
2, 3, 417959
What are the prime factors of 11608322?
2, 11, 31, 17021
What are the prime factors of 3821280438?
2, 3, 2749, 231677
List the prime factors of 4563495312.
2, 3, 95072819
What are the prime factors of 42967205?
5, 773, 11117
List the prime factors of 554321289.
3, 184773763
What are the prime factors of 839224434?
2, 3, 139870739
What are the prime factors of 16936601?
11, 1539691
List the prime factors of 298479298.
2, 13, 1163, 9871
List the prime factors of 44569535.
5, 19, 469153
What are the prime factors of 221482971?
3, 8203073
List the prime factors of 65939200.
2, 5, 10303
List the prime factors of 91967575.
5, 7, 525529
List the prime factors of 1456418524.
2, 11, 33100421
List the prime factors of 66805957.
19, 3516103
List the prime factors of 189236312.
2, 131, 180569
List the prime factors of 96049746.
2, 3, 13, 61, 2243
What are the prime factors of 1543550991?
3, 1213, 424169
What are the prime factors of 25388896?
2, 13, 61031
List the prime factors of 269444793.
3, 23, 3904997
List the prime factors of 3188368925.
5, 7, 18219251
What are the prime factors of 11637930?
2, 3, 5, 109, 3559
List the prime factors of 704343153.
3, 234781051
What are the prime factors of 42801743?
751, 56993
What are the prime factors of 13943346?
2, 3, 53, 163, 269
What are the prime factors of 57774412?
2, 41, 151, 2333
What are the prime factors of 43915133?
71, 293, 2111
What are the prime factors of 21103859?
7, 430691
List the prime factors of 178888476.
2, 3, 13, 31, 71, 521
What are the prime factors of 291348019?
15377, 18947
List the prime factors of 134767658.
2, 53, 1271393
What are the prime factors of 205457394?
2, 3, 61, 561359
What are the prime factors of 168342205?
5, 43, 131, 139
List the prime factors of 61856479.
61856479
What are the prime factors of 428811196?
2, 11, 17, 573277
List the prime factors of 641313324.
2, 3, 23, 179, 4327
List the prime factors of 364984466.
2, 7, 11, 521, 4549
List the prime factors of 341134733.
17, 1180397
List the prime factors of 5198730384.
2, 3, 8971, 12073
List the prime factors of 1907383069.
349, 5465281
List the prime factors of 131128251.
3, 113, 386809
List the prime factors of 162259814.
2, 29, 103, 157, 173
List the prime factors of 154484686.
2, 167, 462529
List the prime factors of 434192632.
2, 37, 61, 139, 173
What are the prime factors of 3818800582?
2, 2287, 834893
List the prime factors of 86996723.
11, 29, 272717
What are the prime factors of 32067102?
2, 3, 787, 6791
List the prime factors of 42134271.
3, 101, 241, 577
List the prime factors of 379156539.
3, 2837, 44549
What are the prime factors of 2656841101?
109, 223621
List the prime factors of 1573794053.
13, 113, 1071337
List the prime factors of 1025575986.
2, 3, 109, 1568159
List the prime factors of 817483030.
2, 5, 7, 13, 29, 30977
What are the prime factors of 8207591?
7, 31, 109, 347
What are the prime factors of 52217752?
2, 47, 113, 1229
What are the prime factors of 7292478?
2, 3, 37, 107, 307
List the prime factors of 28315990.
2, 5, 23, 123113
List the prime factors of 122933715.
3, 5, 17, 482093
List the prime factors of 182959265.
5, 19, 37, 52051
List the prime factors of 65575514.
2, 971, 33767
List the prime factors of 74641881.
3, 2693, 9239
What are the prime factors of 76733593?
157, 488749
List the prime factors of 1144206142.
2, 16189, 35339
What are the prime factors of 770163133?
770163133
List the prime factors of 27290382.
2, 3, 7, 649771
List the prime factors of 121799000.
2, 5, 31, 3929
What are the prime factors of 1173913711?
587, 1999853
List the prime factors of 33287272.
2, 37, 107, 1051
What are the prime factors of 2858232100?
2, 5, 17, 157, 10709
What are the prime factors of 320335547?
7, 149, 307129
List the prime factors of 148941774.
2, 3, 2758181
What are the prime factors of 380409056?
2, 1823, 6521
What are the prime factors of 17076971?
23, 53, 14009
What are the prime factors of 94122888?
2, 3, 1117, 3511
List the prime factors of 2658626.
2, 1329313
What are the prime factors of 43821856?
2, 13, 105341
List the prime factors of 3915953305.
5, 11, 317, 224603
List the prime factors of 1455210507.
3, 11833, 40993
What are the prime factors of 1039237798?
2, 1579, 329081
List the prime factors of 12080958.
2, 3, 59, 34127
List the prime factors of 36239605.
5, 23, 315127
List the prime factors of 136225274.
2, 23, 769, 3851
What are the prime factors of 74279920?
2, 5, 11, 13, 43, 151
What are the prime factors of 1851080898?
2, 3, 308513483
What are the prime factors of 10395504?
2, 3, 7, 10313
What are the prime factors of 1391583817?
13, 107044909
List the prime factors of 44303563.
47, 163, 5783
What are the prime factors of 16805879?
16805879
What are the prime factors of 2102593741?
15671, 134171
List the prime factors of 759793846.
2, 7, 54270989
List the prime factors of 13190361.
3, 4396787
List the prime factors of 114144648.
2, 3, 4756027
What are the prime factors of 104741913?
3, 17, 79, 25997
What are the prime factors of 171930380?
2, 5, 8596519
List the prime factors of 78601568.
2, 379, 6481
List the prime factors of 246400301.
7, 35200043
What are the prime factors of 383529234?
2, 3, 11, 29, 200381
What are the prime factors of 2565711599?
11, 5479, 42571
What are the prime factors of 42902139?
3, 7, 311, 6569
List the prime factors of 5320588051.
1427, 3728513
List the prime factors of 128414224.
2, 2833
List the prime factors of 247848460.
2, 5, 23, 538801
List the prime factors of 769311550.
2, 5, 7, 89, 24697
What are the prime factors of 109466173?
89, 1229957
List the prime factors of 21050255.
5, 373, 11287
List the prime factors of 2994064928.
2, 23, 4068023
List the prime factors of 51925830.
2, 3, 5, 11, 157351
List the prime factors of 402638301.
3, 13, 181, 19013
What are the prime factors of 62425282?
2, 223, 139967
What are the prime factors of 557048351?
557048351
What are the prime factors of 67298860?
2, 5, 61, 55163
What are the prime factors of 571693358?
2, 919, 311041
List the prime factors of 76696802.
2, 7, 13, 617, 683
What are the prime factors of 46891967?
17, 1451, 1901
List the prime factors of 1176403703.
151, 211, 36923
List the prime factors of 46486870.
2, 5, 43, 108109
What are the prime factors of 997498219?
43, 23197633
What are the prime factors of 306858173?
1657, 185189
List the prime factors of 39641497.
7, 5663071
What are the prime factors of 213449405?
5, 13, 3283837
List the prime factors of 6873472684.
2, 13, 37, 21139
What are the prime factors of 1317442999?
17, 77496647
List the prime factors of 16282257.
3, 37, 47, 3121
List the prime factors of 176568251.
176568251
What are the prime factors of 70678521?
3, 53, 49391
List the prime factors of 4784800024.
2, 598100003
What are the prime factors of 213468043?
29, 7360967
What are the prime factors of 1339830?
2, 3, 5, 14887
What are the prime factors of 2691996?
2, 3, 19, 11807
What are the prime factors of 18850047?
3, 83, 75703
What are the prime factors of 4371803952?
2, 3, 91079249
What are the prime factors of 3339686436?
2, 3, 919, 302837
What are the prime factors of 17528207?
17, 677, 1523
What are the prime factors of 305188355?
5, 19, 3212509
List the prime factors of 1146381190.
2, 5, 114638119
List the prime factors of 2328351459.
3, 7, 110873879
What are the prime factors of 885700170?
2, 3, 5, 17, 131, 491
List the prime factors of 3006493286.
2, 1503246643
What are the prime factors of 1540257603?
3, 22133, 23197
What are the prime factors of 11430764?
2, 229, 12479
List the prime factors of 98968110.
2, 3, 5, 173, 19069
What are the prime factors of 127014652?
2, 31753663
What are the prime factors of 2623212?
2, 3, 107, 227
What are the prime factors of 360528180?
2, 3, 5, 17, 353459
What are the prime factors of 1627569856?
2, 11, 2311889
What are the prime factors of 38937023?
19, 31, 66107
List the prime factors of 7684648.
2, 960581
List the prime factors of 200279520.
2, 3, 5, 7, 37, 179
What are the prime factors of 645990569?
7, 89, 167, 887
List the prime factors of 29751444.